{"id":26266,"date":"2023-03-30T15:28:12","date_gmt":"2023-03-30T13:28:12","guid":{"rendered":"https:\/\/www.fap-learning-lab.org\/?post_type=tribe_events&#038;p=26266"},"modified":"2023-04-12T14:04:26","modified_gmt":"2023-04-12T12:04:26","slug":"webinaire-epargne-collective-et-lutte-citoyenne-contre-les-inondations-a-dakar","status":"publish","type":"tribe_events","link":"https:\/\/housinglearninglab.fondationpourlelogement.fr\/fr\/event\/webinaire-epargne-collective-et-lutte-citoyenne-contre-les-inondations-a-dakar\/","title":{"rendered":"Webinaire: Epargne collective et lutte citoyenne contre les inondations \u00e0 Dakar"},"content":{"rendered":"<h3>Les inondations r\u00e9currentes constituent un risque majeur \u00e0 Dakar et en particulier dans sa banlieue. Depuis des ann\u00e9es, de nombreux projets sont mis en \u0153uvre pour la pr\u00e9vention de ce risque et la r\u00e9duction de ses impacts.<\/h3>\n<p>Le 12 avril 2023, urbaMonde et urbaSEN mettront en avant la mobilisation de l\u2019\u00e9pargne communautaire comme support de participation habitante dans la lutte contre les inondations et l\u2019am\u00e9lioration de l\u2019habitat en banlieue de Dakar.<\/p>\n<p>Cette s\u00e9ance pr\u00e9sentera les formes innovantes de participation habitante d\u00e9velopp\u00e9es \u00e0 toutes les \u00e9tapes du projet PING-GIRI, mis en \u0153uvre par le groupement urbaMonde, urbaSEN et le Gret, et financ\u00e9 par l\u2019AFD : diagnostic du risque, co-conception des ouvrages, suivi des chantiers, cofinancement et gestion des ouvrages collectifs.<\/p>\n<p><b>Intervenant\u00b7es<\/b><\/p>\n<ul>\n<li>Magatte Diouf-Ciss\u00e9 \u00b7 Charg\u00e9e de projets \u00b7 urbaSEN (Dakar, S\u00e9n\u00e9gal)<\/li>\n<li>B\u00e9n\u00e9dicte Hinschberger \u00b7 Charg\u00e9e de projets \u00b7 urbaMonde France<\/li>\n<\/ul>\n<p>En ligne, le 12 avril 2023.<br \/>\nParis, France : 9h &#8211; Dakar, S\u00e9n\u00e9gal : 10h<\/p>\n<p><b>Lien <\/b>https:\/\/meet.google.com\/ati-boou-nxk<\/p>\n<h4 align=\"left\">VOIR LE REPLAY<\/h4>\n<p><iframe title=\"S\u00c9N\u00c9GAL: Epargne collective et lutte citoyenne contre les inondations \u00e0 Dakar - UrbaSen et UrbaMonde\" src=\"https:\/\/player.vimeo.com\/video\/816881795?dnt=1&amp;app_id=122963\" width=\"1280\" height=\"720\" frameborder=\"0\" allow=\"autoplay; fullscreen; picture-in-picture; clipboard-write; encrypted-media; web-share\" referrerpolicy=\"strict-origin-when-cross-origin\"><\/iframe><\/p>\n<p><iframe title=\"Dakar : les r\u00e9alisations de nos partenaires UrbaSen et de la F\u00e9d\u00e9ration S\u00e9n\u00e9galaise des Habitants\" width=\"1290\" height=\"726\" src=\"https:\/\/www.youtube.com\/embed\/LTWCnytgYe8?feature=oembed\" frameborder=\"0\" allow=\"accelerometer; autoplay; clipboard-write; encrypted-media; gyroscope; picture-in-picture; web-share\" referrerpolicy=\"strict-origin-when-cross-origin\" allowfullscreen><\/iframe><\/p>\n<p><b>TH\u00c8MES<\/b><br \/>\nFinance communautaire, habitat participatif, participation, gestion des inondations<\/p>\n","protected":false},"excerpt":{"rendered":"<p>Les inondations r\u00e9currentes constituent un risque majeur \u00e0 Dakar et en particulier dans sa banlieue. Depuis des ann\u00e9es, de nombreux projets sont mis en \u0153uvre pour la pr\u00e9vention de ce&hellip;<\/p>\n","protected":false},"author":43,"featured_media":26283,"template":"","meta":{"_tribe_events_status":"","_tribe_events_status_reason":"","footnotes":""},"tags":[336,332,335,333,337,334],"tribe_events_cat":[326],"class_list":["post-26266","tribe_events","type-tribe_events","status-publish","has-post-thumbnail","hentry","tag-dakar","tag-finance-communautaire","tag-gestion-des-inondations","tag-habitat-participatif","tag-senegal","tag-urbanisme-participatif","tribe_events_cat-webinaire","cat_webinaire"],"_links":{"self":[{"href":"https:\/\/housinglearninglab.fondationpourlelogement.fr\/fr\/wp-json\/wp\/v2\/tribe_events\/26266","targetHints":{"allow":["GET"]}}],"collection":[{"href":"https:\/\/housinglearninglab.fondationpourlelogement.fr\/fr\/wp-json\/wp\/v2\/tribe_events"}],"about":[{"href":"https:\/\/housinglearninglab.fondationpourlelogement.fr\/fr\/wp-json\/wp\/v2\/types\/tribe_events"}],"author":[{"embeddable":true,"href":"https:\/\/housinglearninglab.fondationpourlelogement.fr\/fr\/wp-json\/wp\/v2\/users\/43"}],"version-history":[{"count":0,"href":"https:\/\/housinglearninglab.fondationpourlelogement.fr\/fr\/wp-json\/wp\/v2\/tribe_events\/26266\/revisions"}],"wp:featuredmedia":[{"embeddable":true,"href":"https:\/\/housinglearninglab.fondationpourlelogement.fr\/fr\/wp-json\/wp\/v2\/media\/26283"}],"wp:attachment":[{"href":"https:\/\/housinglearninglab.fondationpourlelogement.fr\/fr\/wp-json\/wp\/v2\/media?parent=26266"}],"wp:term":[{"taxonomy":"post_tag","embeddable":true,"href":"https:\/\/housinglearninglab.fondationpourlelogement.fr\/fr\/wp-json\/wp\/v2\/tags?post=26266"},{"taxonomy":"tribe_events_cat","embeddable":true,"href":"https:\/\/housinglearninglab.fondationpourlelogement.fr\/fr\/wp-json\/wp\/v2\/tribe_events_cat?post=26266"}],"curies":[{"name":"wp","href":"https:\/\/api.w.org\/{rel}","templated":true}]}}

Webinaire: Epargne collective et lutte citoyenne contre les inondations à Dakar

<h3>Les inondations récurrentes constituent un risque majeur à Dakar et en particulier dans sa banlieue. Depuis des années, de nombreux projets sont mis en œuvre pour la prévention de ce risque et la réduction de ses impacts.</h3>
<p>Le 12 avril 2023, urbaMonde et urbaSEN mettront en avant la mobilisation de l’épargne communautaire comme support de participation habitante dans la lutte contre les inondations et l’amélioration de l’habitat en banlieue de Dakar.</p>
<p>Cette séance présentera les formes innovantes de participation habitante développées à toutes les étapes du projet PING-GIRI, mis en œuvre par le groupement urbaMonde, urbaSEN et le Gret, et financé par l’AFD : diagnostic du risque, co-conception des ouvrages, suivi des chantiers, cofinancement et gestion des ouvrages collectifs.</p>
<p><b>Intervenant·es</b></p>
<ul>
<li>Magatte Diouf-Cissé · Chargée de projets · urbaSEN (Dakar, Sénégal)</li>
<li>Bénédicte Hinschberger · Chargée de projets · urbaMonde France</li>
</ul>
<p>En ligne, le 12 avril 2023.<br />
Paris, France : 9h &#8211; Dakar, Sénégal : 10h</p>
<p><b>Lien </b>https://meet.google.com/ati-boou-nxk</p>
<h4 align="left">VOIR LE REPLAY</h4>
<p><iframe title="SÉNÉGAL: Epargne collective et lutte citoyenne contre les inondations à Dakar - UrbaSen et UrbaMonde" src="https://player.vimeo.com/video/816881795?dnt=1&amp;app_id=122963" width="1280" height="720" frameborder="0" allow="autoplay; fullscreen; picture-in-picture; clipboard-write; encrypted-media; web-share" referrerpolicy="strict-origin-when-cross-origin"></iframe></p>
<p><iframe title="Dakar : les réalisations de nos partenaires UrbaSen et de la Fédération Sénégalaise des Habitants" width="1290" height="726" src="https://www.youtube.com/embed/LTWCnytgYe8?feature=oembed" frameborder="0" allow="accelerometer; autoplay; clipboard-write; encrypted-media; gyroscope; picture-in-picture; web-share" referrerpolicy="strict-origin-when-cross-origin" allowfullscreen></iframe></p>
<p><b>THÈMES</b><br />
Finance communautaire, habitat participatif, participation, gestion des inondations</p>

<p>Les inondations récurrentes constituent un risque majeur à Dakar et en particulier dans sa banlieue. Depuis des années, de nombreux projets sont mis en œuvre pour la prévention de ce&hellip;</p>
