{"id":24373,"date":"2021-11-29T14:11:43","date_gmt":"2021-11-29T13:11:43","guid":{"rendered":"https:\/\/www.fap-learning-lab.org\/event\/la-5eme-edition-des-rencontres-du-f3e\/"},"modified":"2021-12-07T15:37:33","modified_gmt":"2021-12-07T14:37:33","slug":"la-5eme-edition-des-rencontres-du-f3e","status":"publish","type":"tribe_events","link":"https:\/\/housinglearninglab.fondationpourlelogement.fr\/fr\/event\/la-5eme-edition-des-rencontres-du-f3e\/","title":{"rendered":"La 5\u00e8me \u00e9dition des Rencontres du F3E"},"content":{"rendered":"<p>Les 6 et 7 d\u00e9cembre, venez Semer les graines du changement lors des Rencontres du F3E au <em>Ground Control<\/em> \u00e0 Paris, pour une \u00e9dition sp\u00e9ciale : \u00ab Contribuons ensemble au changement social ! \u00bb.<\/p>\n<p>Pr\u00e9-programme : <a href=\"https:\/\/f3e.asso.fr\/wp-content\/uploads\/plaquette-rencontre-edition-2021-VF2.pdf\" target=\"_blank\" rel=\"noopener\">https:\/\/f3e.asso.fr\/wp-content\/uploads\/plaquette-rencontre-edition-2021-VF2.pdf<\/a><\/p>\n<p>&nbsp;<\/p>\n","protected":false},"excerpt":{"rendered":"<p>Les 6 et 7 d\u00e9cembre, venez Semer les graines du changement lors des Rencontres du F3E au Ground Control \u00e0 Paris, pour une \u00e9dition sp\u00e9ciale : \u00ab Contribuons ensemble au&hellip;<\/p>\n","protected":false},"author":4,"featured_media":24137,"template":"","meta":{"_tribe_events_status":"","_tribe_events_status_reason":"","footnotes":""},"tags":[223,222,220,221],"tribe_events_cat":[],"class_list":["post-24373","tribe_events","type-tribe_events","status-publish","has-post-thumbnail","hentry","tag-agir-avec-les-habitants-fr","tag-capitalisation-fr","tag-f3e-fr","tag-rencontres-fr"],"_links":{"self":[{"href":"https:\/\/housinglearninglab.fondationpourlelogement.fr\/fr\/wp-json\/wp\/v2\/tribe_events\/24373","targetHints":{"allow":["GET"]}}],"collection":[{"href":"https:\/\/housinglearninglab.fondationpourlelogement.fr\/fr\/wp-json\/wp\/v2\/tribe_events"}],"about":[{"href":"https:\/\/housinglearninglab.fondationpourlelogement.fr\/fr\/wp-json\/wp\/v2\/types\/tribe_events"}],"author":[{"embeddable":true,"href":"https:\/\/housinglearninglab.fondationpourlelogement.fr\/fr\/wp-json\/wp\/v2\/users\/4"}],"version-history":[{"count":0,"href":"https:\/\/housinglearninglab.fondationpourlelogement.fr\/fr\/wp-json\/wp\/v2\/tribe_events\/24373\/revisions"}],"wp:featuredmedia":[{"embeddable":true,"href":"https:\/\/housinglearninglab.fondationpourlelogement.fr\/fr\/wp-json\/wp\/v2\/media\/24137"}],"wp:attachment":[{"href":"https:\/\/housinglearninglab.fondationpourlelogement.fr\/fr\/wp-json\/wp\/v2\/media?parent=24373"}],"wp:term":[{"taxonomy":"post_tag","embeddable":true,"href":"https:\/\/housinglearninglab.fondationpourlelogement.fr\/fr\/wp-json\/wp\/v2\/tags?post=24373"},{"taxonomy":"tribe_events_cat","embeddable":true,"href":"https:\/\/housinglearninglab.fondationpourlelogement.fr\/fr\/wp-json\/wp\/v2\/tribe_events_cat?post=24373"}],"curies":[{"name":"wp","href":"https:\/\/api.w.org\/{rel}","templated":true}]}}

La 5ème édition des Rencontres du F3E

<p>Les 6 et 7 décembre, venez Semer les graines du changement lors des Rencontres du F3E au <em>Ground Control</em> à Paris, pour une édition spéciale : « Contribuons ensemble au changement social ! ».</p>
<p>Pré-programme : <a href="https://f3e.asso.fr/wp-content/uploads/plaquette-rencontre-edition-2021-VF2.pdf" target="_blank" rel="noopener">https://f3e.asso.fr/wp-content/uploads/plaquette-rencontre-edition-2021-VF2.pdf</a></p>
<p>&nbsp;</p>

<p>Les 6 et 7 décembre, venez Semer les graines du changement lors des Rencontres du F3E au Ground Control à Paris, pour une édition spéciale : « Contribuons ensemble au&hellip;</p>
