{"id":30417,"date":"2023-12-05T15:22:18","date_gmt":"2023-12-05T14:22:18","guid":{"rendered":"https:\/\/www.fap-learning-lab.org\/?post_type=cpt_portfolio&#038;p=30417"},"modified":"2023-12-05T15:26:07","modified_gmt":"2023-12-05T14:26:07","slug":"madagascar","status":"publish","type":"cpt_portfolio","link":"https:\/\/housinglearninglab.fondationpourlelogement.fr\/fr\/projet\/madagascar\/","title":{"rendered":"Madagascar"},"content":{"rendered":"<p>Promouvoir le droit \u00e0 la ville et \u00e0 l\u2019acc\u00e8s \u00e0 un logement d\u00e9cent pour les populations vuln\u00e9rables en am\u00e9liorant les conditions d\u2019habitat, notamment avec des femmes, en d\u00e9veloppant les comp\u00e9tences techniques et les capacit\u00e9s institutionnelles des acteurs du logement, en sensibilisant les citoyens et les autorit\u00e9s sur l\u2019acc\u00e8s \u00e0 un logement d\u00e9cent.<\/p>\n<div class=\"page-container \">\n<div class=\"project-custom\">\n<p>Ce projet a pour objectif de contribuer \u00e0 l\u2019am\u00e9lioration des conditions de logement et \u00e0 la mobilisation citoyenne dans les quartiers pr\u00e9caires d\u2019Antananarivo \u00e0 Madagascar.<\/p>\n<p>La finalit\u00e9 du projet vise essentiellement \u00e0 faire reconna\u00eetre les quartiers pr\u00e9caires des 1er et 4e arrondissements de la capitale malgache comme faisant partie int\u00e9grante de son territoire urbain. La d\u00e9marche d\u2019intervention se veut participative et bas\u00e9e sur le maintien des habitants au coeur de leurs quartiers en privil\u00e9giant des formes de r\u00e9habilitation de logements in situ.<\/p>\n<\/div>\n<\/div>\n","protected":false},"excerpt":{"rendered":"<p>Promouvoir le droit \u00e0 la ville et \u00e0 l\u2019acc\u00e8s \u00e0 un logement d\u00e9cent pour les populations vuln\u00e9rables en am\u00e9liorant les conditions d\u2019habitat, notamment avec des femmes, en d\u00e9veloppant les comp\u00e9tences&hellip;<\/p>\n","protected":false},"author":2,"featured_media":24054,"comment_status":"closed","ping_status":"closed","template":"","cpt_portfolio_group":[],"class_list":["post-30417","cpt_portfolio","type-cpt_portfolio","status-publish","has-post-thumbnail","hentry"],"_links":{"self":[{"href":"https:\/\/housinglearninglab.fondationpourlelogement.fr\/fr\/wp-json\/wp\/v2\/cpt_portfolio\/30417","targetHints":{"allow":["GET"]}}],"collection":[{"href":"https:\/\/housinglearninglab.fondationpourlelogement.fr\/fr\/wp-json\/wp\/v2\/cpt_portfolio"}],"about":[{"href":"https:\/\/housinglearninglab.fondationpourlelogement.fr\/fr\/wp-json\/wp\/v2\/types\/cpt_portfolio"}],"author":[{"embeddable":true,"href":"https:\/\/housinglearninglab.fondationpourlelogement.fr\/fr\/wp-json\/wp\/v2\/users\/2"}],"replies":[{"embeddable":true,"href":"https:\/\/housinglearninglab.fondationpourlelogement.fr\/fr\/wp-json\/wp\/v2\/comments?post=30417"}],"wp:featuredmedia":[{"embeddable":true,"href":"https:\/\/housinglearninglab.fondationpourlelogement.fr\/fr\/wp-json\/wp\/v2\/media\/24054"}],"wp:attachment":[{"href":"https:\/\/housinglearninglab.fondationpourlelogement.fr\/fr\/wp-json\/wp\/v2\/media?parent=30417"}],"wp:term":[{"taxonomy":"cpt_portfolio_group","embeddable":true,"href":"https:\/\/housinglearninglab.fondationpourlelogement.fr\/fr\/wp-json\/wp\/v2\/cpt_portfolio_group?post=30417"}],"curies":[{"name":"wp","href":"https:\/\/api.w.org\/{rel}","templated":true}]}}

<p>Promouvoir le droit à la ville et à l’accès à un logement décent pour les populations vulnérables en améliorant les conditions d’habitat, notamment avec des femmes, en développant les compétences techniques et les capacités institutionnelles des acteurs du logement, en sensibilisant les citoyens et les autorités sur l’accès à un logement décent.</p>
<div class="page-container ">
<div class="project-custom">
<p>Ce projet a pour objectif de contribuer à l’amélioration des conditions de logement et à la mobilisation citoyenne dans les quartiers précaires d’Antananarivo à Madagascar.</p>
<p>La finalité du projet vise essentiellement à faire reconnaître les quartiers précaires des 1er et 4e arrondissements de la capitale malgache comme faisant partie intégrante de son territoire urbain. La démarche d’intervention se veut participative et basée sur le maintien des habitants au coeur de leurs quartiers en privilégiant des formes de réhabilitation de logements in situ.</p>
</div>
</div>

<p>Promouvoir le droit à la ville et à l’accès à un logement décent pour les populations vulnérables en améliorant les conditions d’habitat, notamment avec des femmes, en développant les compétences&hellip;</p>
